{"id":90,"date":"2020-01-13T20:11:11","date_gmt":"2020-01-13T20:11:11","guid":{"rendered":"http:\/\/www.tierrahabitada.org\/?page_id=90"},"modified":"2020-06-17T08:06:44","modified_gmt":"2020-06-17T08:06:44","slug":"sueno-inspirador","status":"publish","type":"page","link":"https:\/\/www.tierrahabitada.org\/index.php\/sueno-inspirador\/","title":{"rendered":"Sue\u00f1o inspirador"},"content":{"rendered":"\n<p class=\"has-text-align-right\"><em>Estamos en un momento cr\u00edtico de la historia de la Tierra, en el cual la humanidad debe elegir su futuro. Nuestros retos ambientales, econ\u00f3micos, pol\u00edticos, sociales y espirituales, est\u00e1n interrelacionados y juntos podemos proponer y concretar soluciones comprensivas. <\/em>(Carta de la Tierra)<\/p>\n\n\n\n<p>El mundo tiene hoy muchas necesidades. Una de ellas es que <strong>necesitamos aprender a vivir de otra manera<\/strong>, de una manera m\u00e1s respetuosa con nuestra casa com\u00fan, m\u00e1s compasiva y solidaria con las personas que sufren las consecuencias del despiadado sistema de producci\u00f3n y consumo en el que vivimos y m\u00e1s integradora de todas las dimensiones de la persona: la salud corporal, afectiva y mental y la profundidad espiritual.<\/p>\n\n\n\n<p>El tiempo apremia y todos estamos llamados a reaccionar. El papa Francisco, en su enc\u00edclica <em>Laudato si&#8217;<\/em>, llama \u00ab<strong>conversi\u00f3n ecol\u00f3gica<\/strong>\u00bb a este cambio en la manera de pensar, sentir y comportarnos. Una conversi\u00f3n que abarca todos los \u00e1mbitos de nuestra vida personal y social: la manera de mirar y de pensar, la conciencia, la espiritualidad, el estilo de vida, el sistema econ\u00f3mico y pol\u00edtico, la educaci\u00f3n, la acci\u00f3n comunitaria.<\/p>\n\n\n\n<p>En la l\u00ednea de esta conversi\u00f3n ecol\u00f3gica, algunas personas llevamos a\u00f1os explorando, intentando poner en pr\u00e1ctica y divulgando formas de vida conscientes y consecuentes, junto con una particular espiritualidad de fraternidad universal con todas las personas y con todas las criaturas. Hasta el punto de reconocer esta llamada como <strong>una vocaci\u00f3n de vida y misi\u00f3n<\/strong>, una llamada a vivirla con una intensidad especial que pueda ayudar a otros a orientarse en esa direcci\u00f3n.  <\/p>\n\n\n\n<p>Sentimos como un medio privilegiado para poner en pr\u00e1ctica esta vocaci\u00f3n la de una <strong>comunidad<\/strong> de personas en torno a esta forma de vida y a esta misi\u00f3n, en un lugar concreto en un entorno rural. Un lugar que manifieste que otro mundo es posible:<\/p>\n\n\n\n<ul class=\"wp-block-list\"><li>Un lugar donde se pone en pr\u00e1ctica un <strong>estilo de vida <\/strong>sencillo y austero, que en su forma de alimentaci\u00f3n y consumo procura decididamente lo que m\u00e1s cuida la vida de otras personas y del planeta, con un ritmo de vida equilibrado y en contacto con la naturaleza.<\/li><li>Un lugar de retiro y oraci\u00f3n, donde compartir la <strong>pasi\u00f3n por Dios<\/strong>, reconociendo la riqueza de vivirla de maneras diferentes, abiertos a nuevas comprensiones y formas de expresi\u00f3n, en comuni\u00f3n con todo lo que nos rodea. Donde se respire y practique una <strong>espiritualidad de conexi\u00f3n<\/strong>: con el propio cuerpo, los otros cercanos y lejanos, las dem\u00e1s criaturas, la Tierra y el cosmos. <\/li><li>Una comunidad humana donde intentamos vivir unas <strong>relaciones armoniosas<\/strong> de unos con otros, compartiendo, en funci\u00f3n de las personas y del proyecto com\u00fan, espacios, tiempos, talentos y recursos materiales, formando parte del tejido social local, con un n\u00facleo de personas viviendo permanentemente en el lugar y otras participando de otras maneras, en red con otras iniciativas similares.<\/li><li>Un lugar que f\u00edsicamente habla de <strong>sostenibilidad<\/strong> y armon\u00eda con la naturaleza. Por la belleza del entorno, los materiales de construcci\u00f3n locales y naturales, el uso sostenible de la energ\u00eda y del agua, el tratamiento integrado de los residuos, el cultivo de la tierra, el acceso en transporte p\u00fablico.<\/li><li>Un lugar que tambi\u00e9n habla de <strong>solidaridad<\/strong>, un espacio de acogida de personas excluidas y vulnerables que, aunque no est\u00e9n motivadas a vivir as\u00ed, necesitan cobijo material y atenci\u00f3n humana.<\/li><li>Un centro de <strong>formaci\u00f3n y divulgaci\u00f3n<\/strong>, con las puertas abiertas a cuantos quieran hacer temporalmente la experiencia de vivir de esta manera, con instalaciones apropiadas desde las que se ofrezcan actividades que contribuyan a la difusi\u00f3n de esta conciencia, actitudes, espiritualidad y forma de vida. <\/li><\/ul>\n\n\n\n<p>Estamos convencidos de que un lugar as\u00ed puede ser una buena noticia para la sociedad y para la Iglesia.<\/p>\n\n\n\n<p class=\"has-text-align-right\">\n<em>(Enero\n2018)<\/em><\/p>\n","protected":false},"excerpt":{"rendered":"<p>Estamos en un momento cr\u00edtico de la historia de la Tierra, en el cual la humanidad debe elegir su futuro. Nuestros retos ambientales, econ\u00f3micos, pol\u00edticos, sociales y espirituales, est\u00e1n interrelacionados&#8230; <a class=\"read-more\" href=\"https:\/\/www.tierrahabitada.org\/index.php\/sueno-inspirador\/\">[Continuar Leyendo]<\/a><\/p>\n","protected":false},"author":1,"featured_media":0,"parent":0,"menu_order":0,"comment_status":"closed","ping_status":"closed","template":"","meta":{"footnotes":""},"class_list":["post-90","page","type-page","status-publish","hentry","no-post-thumbnail"],"_links":{"self":[{"href":"https:\/\/www.tierrahabitada.org\/index.php\/wp-json\/wp\/v2\/pages\/90","targetHints":{"allow":["GET"]}}],"collection":[{"href":"https:\/\/www.tierrahabitada.org\/index.php\/wp-json\/wp\/v2\/pages"}],"about":[{"href":"https:\/\/www.tierrahabitada.org\/index.php\/wp-json\/wp\/v2\/types\/page"}],"author":[{"embeddable":true,"href":"https:\/\/www.tierrahabitada.org\/index.php\/wp-json\/wp\/v2\/users\/1"}],"replies":[{"embeddable":true,"href":"https:\/\/www.tierrahabitada.org\/index.php\/wp-json\/wp\/v2\/comments?post=90"}],"version-history":[{"count":3,"href":"https:\/\/www.tierrahabitada.org\/index.php\/wp-json\/wp\/v2\/pages\/90\/revisions"}],"predecessor-version":[{"id":303,"href":"https:\/\/www.tierrahabitada.org\/index.php\/wp-json\/wp\/v2\/pages\/90\/revisions\/303"}],"wp:attachment":[{"href":"https:\/\/www.tierrahabitada.org\/index.php\/wp-json\/wp\/v2\/media?parent=90"}],"curies":[{"name":"wp","href":"https:\/\/api.w.org\/{rel}","templated":true}]}}

Sueño inspirador

<p class="has-text-align-right"><em>Estamos en un momento crítico de la historia de la Tierra, en el cual la humanidad debe elegir su futuro. Nuestros retos ambientales, económicos, políticos, sociales y espirituales, están interrelacionados y juntos podemos proponer y concretar soluciones comprensivas. </em>(Carta de la Tierra)</p>



<p>El mundo tiene hoy muchas necesidades. Una de ellas es que <strong>necesitamos aprender a vivir de otra manera</strong>, de una manera más respetuosa con nuestra casa común, más compasiva y solidaria con las personas que sufren las consecuencias del despiadado sistema de producción y consumo en el que vivimos y más integradora de todas las dimensiones de la persona: la salud corporal, afectiva y mental y la profundidad espiritual.</p>



<p>El tiempo apremia y todos estamos llamados a reaccionar. El papa Francisco, en su encíclica <em>Laudato si&#8217;</em>, llama «<strong>conversión ecológica</strong>» a este cambio en la manera de pensar, sentir y comportarnos. Una conversión que abarca todos los ámbitos de nuestra vida personal y social: la manera de mirar y de pensar, la conciencia, la espiritualidad, el estilo de vida, el sistema económico y político, la educación, la acción comunitaria.</p>



<p>En la línea de esta conversión ecológica, algunas personas llevamos años explorando, intentando poner en práctica y divulgando formas de vida conscientes y consecuentes, junto con una particular espiritualidad de fraternidad universal con todas las personas y con todas las criaturas. Hasta el punto de reconocer esta llamada como <strong>una vocación de vida y misión</strong>, una llamada a vivirla con una intensidad especial que pueda ayudar a otros a orientarse en esa dirección.  </p>



<p>Sentimos como un medio privilegiado para poner en práctica esta vocación la de una <strong>comunidad</strong> de personas en torno a esta forma de vida y a esta misión, en un lugar concreto en un entorno rural. Un lugar que manifieste que otro mundo es posible:</p>



<ul class="wp-block-list"><li>Un lugar donde se pone en práctica un <strong>estilo de vida </strong>sencillo y austero, que en su forma de alimentación y consumo procura decididamente lo que más cuida la vida de otras personas y del planeta, con un ritmo de vida equilibrado y en contacto con la naturaleza.</li><li>Un lugar de retiro y oración, donde compartir la <strong>pasión por Dios</strong>, reconociendo la riqueza de vivirla de maneras diferentes, abiertos a nuevas comprensiones y formas de expresión, en comunión con todo lo que nos rodea. Donde se respire y practique una <strong>espiritualidad de conexión</strong>: con el propio cuerpo, los otros cercanos y lejanos, las demás criaturas, la Tierra y el cosmos. </li><li>Una comunidad humana donde intentamos vivir unas <strong>relaciones armoniosas</strong> de unos con otros, compartiendo, en función de las personas y del proyecto común, espacios, tiempos, talentos y recursos materiales, formando parte del tejido social local, con un núcleo de personas viviendo permanentemente en el lugar y otras participando de otras maneras, en red con otras iniciativas similares.</li><li>Un lugar que físicamente habla de <strong>sostenibilidad</strong> y armonía con la naturaleza. Por la belleza del entorno, los materiales de construcción locales y naturales, el uso sostenible de la energía y del agua, el tratamiento integrado de los residuos, el cultivo de la tierra, el acceso en transporte público.</li><li>Un lugar que también habla de <strong>solidaridad</strong>, un espacio de acogida de personas excluidas y vulnerables que, aunque no estén motivadas a vivir así, necesitan cobijo material y atención humana.</li><li>Un centro de <strong>formación y divulgación</strong>, con las puertas abiertas a cuantos quieran hacer temporalmente la experiencia de vivir de esta manera, con instalaciones apropiadas desde las que se ofrezcan actividades que contribuyan a la difusión de esta conciencia, actitudes, espiritualidad y forma de vida. </li></ul>



<p>Estamos convencidos de que un lugar así puede ser una buena noticia para la sociedad y para la Iglesia.</p>



<p class="has-text-align-right">
<em>(Enero
2018)</em></p>

<p>Estamos en un momento crítico de la historia de la Tierra, en el cual la humanidad debe elegir su futuro. Nuestros retos ambientales, económicos, políticos, sociales y espirituales, están interrelacionados&#8230; <a class="read-more" href="https://www.tierrahabitada.org/index.php/sueno-inspirador/">[Continuar Leyendo]</a></p>
