{"id":73,"date":"2020-01-13T19:48:30","date_gmt":"2020-01-13T19:48:30","guid":{"rendered":"http:\/\/www.tierrahabitada.org\/?page_id=73"},"modified":"2023-07-14T16:36:09","modified_gmt":"2023-07-14T16:36:09","slug":"colabora","status":"publish","type":"page","link":"https:\/\/www.tierrahabitada.org\/index.php\/colabora\/","title":{"rendered":"Colabora"},"content":{"rendered":"\n<h2 class=\"wp-block-heading\"><em>Quiero ayudar<\/em><\/h2>\n\n\n\n<p>Si quieres ayudarnos en tareas concretas, escribe a: <em>contacto@tierrahabitada.org<\/em><br>o ll\u00e1manos al tel\u00e9fono 921504244 o al 664749234.<\/p>\n\n\n\n<h2 class=\"wp-block-heading\"><em>Quiero donar<\/em><\/h2>\n\n\n\n<p>Puedes hacer un donativo a la Fundacion Tierra Habitada, en la cuenta corriente <strong>ES03 1550 0001 2000 0830 9924.<\/strong> Si quieres que hagamos un certificado de donaci\u00f3n, escr\u00edbenos con los datos de la transferencia (fecha e importe) y los tuyos personales (nombre, domicilio y NIF).<\/p>\n\n\n\n<p>Y, mejor, puedes hacerte <strong>colaborador\/a con una aportaci\u00f3n peri\u00f3dica<\/strong>. Para ello, <a href=\"http:\/\/www.tierrahabitada.org\/index.php\/formulario-de-contacto\/\"><strong>rellena este formulario<\/strong><\/a>.<\/p>\n\n\n\n<p><\/p>\n\n\n\n<p><br><code><em>Tus datos ser\u00e1n incorporados a un fichero propiedad de la Fundaci\u00f3n Tierra Habitada, y ser\u00e1n tratados con las finalidades de mantenerte informado de nuestras actividades y solicitar tu colaboraci\u00f3n. No se ceder\u00e1n datos a terceros salvo obligaci\u00f3n legal o informando previamente al titular. Los datos ser\u00e1n destruidos una vez comuniques tu baja y\/o finalizados los periodos legales de conservaci\u00f3n. Puedes ejercitar tus derechos de acceso, rectificaci\u00f3n, supresi\u00f3n, portabilidad o limitaci\u00f3n del tratamiento, dirigi\u00e9ndote a Fundaci\u00f3n Tierra Habitada, calle Ejido 2, Ca\u00f1icosa, 40163 Segovia.<\/em><\/code><\/p>\n\n\n\n<p><\/p>\n","protected":false},"excerpt":{"rendered":"<p>Quiero ayudar Si quieres ayudarnos en tareas concretas, escribe a: contacto@tierrahabitada.orgo ll\u00e1manos al tel\u00e9fono 921504244 o al 664749234. Quiero donar Puedes hacer un donativo a la Fundacion Tierra Habitada, en&#8230; <a class=\"read-more\" href=\"https:\/\/www.tierrahabitada.org\/index.php\/colabora\/\">[Continuar Leyendo]<\/a><\/p>\n","protected":false},"author":1,"featured_media":0,"parent":0,"menu_order":0,"comment_status":"closed","ping_status":"closed","template":"","meta":{"footnotes":""},"class_list":["post-73","page","type-page","status-publish","hentry","no-post-thumbnail"],"_links":{"self":[{"href":"https:\/\/www.tierrahabitada.org\/index.php\/wp-json\/wp\/v2\/pages\/73","targetHints":{"allow":["GET"]}}],"collection":[{"href":"https:\/\/www.tierrahabitada.org\/index.php\/wp-json\/wp\/v2\/pages"}],"about":[{"href":"https:\/\/www.tierrahabitada.org\/index.php\/wp-json\/wp\/v2\/types\/page"}],"author":[{"embeddable":true,"href":"https:\/\/www.tierrahabitada.org\/index.php\/wp-json\/wp\/v2\/users\/1"}],"replies":[{"embeddable":true,"href":"https:\/\/www.tierrahabitada.org\/index.php\/wp-json\/wp\/v2\/comments?post=73"}],"version-history":[{"count":14,"href":"https:\/\/www.tierrahabitada.org\/index.php\/wp-json\/wp\/v2\/pages\/73\/revisions"}],"predecessor-version":[{"id":666,"href":"https:\/\/www.tierrahabitada.org\/index.php\/wp-json\/wp\/v2\/pages\/73\/revisions\/666"}],"wp:attachment":[{"href":"https:\/\/www.tierrahabitada.org\/index.php\/wp-json\/wp\/v2\/media?parent=73"}],"curies":[{"name":"wp","href":"https:\/\/api.w.org\/{rel}","templated":true}]}}