{"id":106,"date":"2020-01-15T18:35:01","date_gmt":"2020-01-15T18:35:01","guid":{"rendered":"http:\/\/www.tierrahabitada.org\/?page_id=106"},"modified":"2026-02-08T19:39:02","modified_gmt":"2026-02-08T19:39:02","slug":"casa-san-martin","status":"publish","type":"page","link":"https:\/\/www.tierrahabitada.org\/index.php\/casa-san-martin\/","title":{"rendered":"Casa San Mart\u00edn"},"content":{"rendered":"\n<p>La <strong>Casa San Mart\u00edn<\/strong> cuenta con lo necesario para actividades de grupos: un total de seis dormitorios y 17 camas, ba\u00f1os comunes, cocina, comedor, despensa y una magn\u00edfica sala de actividades.<\/p>\n\n\n\n<p>Adem\u00e1s de ser el lugar de celebraci\u00f3n de las actividades propias de la fundaci\u00f3n (cursos, talleres, convivencias&#8230;), la Casa San Mart\u00edn est\u00e1 disponible para grupos y entidades cuyas actividades guarden relaci\u00f3n con los <a rel=\"noreferrer noopener\" href=\"https:\/\/www.tierrahabitada.org\/index.php\/la-fundacion\/\" target=\"_blank\">fines<\/a> de la fundaci\u00f3n.<\/p>\n\n\n<div class=\"wp-block-image\">\n<figure class=\"aligncenter size-full\"><img loading=\"lazy\" decoding=\"async\" width=\"822\" height=\"579\" src=\"https:\/\/www.tierrahabitada.org\/wp-content\/uploads\/2025\/02\/Mapita-Canicosa.jpg\" alt=\"\" class=\"wp-image-844\" srcset=\"https:\/\/www.tierrahabitada.org\/wp-content\/uploads\/2025\/02\/Mapita-Canicosa.jpg 822w, https:\/\/www.tierrahabitada.org\/wp-content\/uploads\/2025\/02\/Mapita-Canicosa-300x211.jpg 300w, https:\/\/www.tierrahabitada.org\/wp-content\/uploads\/2025\/02\/Mapita-Canicosa-768x541.jpg 768w\" sizes=\"auto, (max-width: 822px) 100vw, 822px\" \/><figcaption class=\"wp-element-caption\"><em>Localizaci\u00f3n<\/em><\/figcaption><\/figure><\/div>\n\n\n<figure class=\"wp-block-image size-large\"><img loading=\"lazy\" decoding=\"async\" width=\"1024\" height=\"605\" src=\"http:\/\/www.tierrahabitada.org\/wp-content\/uploads\/2020\/01\/Fachada-albergue-para-dossier-1024x605.jpg\" alt=\"\" class=\"wp-image-139\" srcset=\"https:\/\/www.tierrahabitada.org\/wp-content\/uploads\/2020\/01\/Fachada-albergue-para-dossier-1024x605.jpg 1024w, https:\/\/www.tierrahabitada.org\/wp-content\/uploads\/2020\/01\/Fachada-albergue-para-dossier-300x177.jpg 300w, https:\/\/www.tierrahabitada.org\/wp-content\/uploads\/2020\/01\/Fachada-albergue-para-dossier-768x454.jpg 768w, https:\/\/www.tierrahabitada.org\/wp-content\/uploads\/2020\/01\/Fachada-albergue-para-dossier-1536x908.jpg 1536w, https:\/\/www.tierrahabitada.org\/wp-content\/uploads\/2020\/01\/Fachada-albergue-para-dossier.jpg 1800w\" sizes=\"auto, (max-width: 1024px) 100vw, 1024px\" \/><figcaption class=\"wp-element-caption\"><em>Fachada<\/em><\/figcaption><\/figure>\n\n\n\n<p><\/p>\n\n\n\n<figure class=\"wp-block-image size-full\"><img loading=\"lazy\" decoding=\"async\" width=\"1000\" height=\"750\" src=\"https:\/\/www.tierrahabitada.org\/wp-content\/uploads\/2026\/02\/Patio-Casa-San-Martin-baja.jpg\" alt=\"\" class=\"wp-image-962\" srcset=\"https:\/\/www.tierrahabitada.org\/wp-content\/uploads\/2026\/02\/Patio-Casa-San-Martin-baja.jpg 1000w, https:\/\/www.tierrahabitada.org\/wp-content\/uploads\/2026\/02\/Patio-Casa-San-Martin-baja-300x225.jpg 300w, https:\/\/www.tierrahabitada.org\/wp-content\/uploads\/2026\/02\/Patio-Casa-San-Martin-baja-768x576.jpg 768w\" sizes=\"auto, (max-width: 1000px) 100vw, 1000px\" \/><figcaption class=\"wp-element-caption\"><em>Patio<\/em><\/figcaption><\/figure>\n\n\n\n<p><\/p>\n\n\n\n<figure class=\"wp-block-image size-large\"><img loading=\"lazy\" decoding=\"async\" width=\"1024\" height=\"768\" src=\"https:\/\/www.tierrahabitada.org\/wp-content\/uploads\/2026\/02\/Comedor-Casa-San-Martin-1024x768.jpg\" alt=\"\" class=\"wp-image-964\" srcset=\"https:\/\/www.tierrahabitada.org\/wp-content\/uploads\/2026\/02\/Comedor-Casa-San-Martin-1024x768.jpg 1024w, https:\/\/www.tierrahabitada.org\/wp-content\/uploads\/2026\/02\/Comedor-Casa-San-Martin-300x225.jpg 300w, https:\/\/www.tierrahabitada.org\/wp-content\/uploads\/2026\/02\/Comedor-Casa-San-Martin-768x576.jpg 768w, https:\/\/www.tierrahabitada.org\/wp-content\/uploads\/2026\/02\/Comedor-Casa-San-Martin-1536x1152.jpg 1536w, https:\/\/www.tierrahabitada.org\/wp-content\/uploads\/2026\/02\/Comedor-Casa-San-Martin-2048x1536.jpg 2048w\" sizes=\"auto, (max-width: 1024px) 100vw, 1024px\" \/><figcaption class=\"wp-element-caption\"><em>Comedor<\/em><\/figcaption><\/figure>\n\n\n\n<p><\/p>\n\n\n\n<figure class=\"wp-block-image size-large\"><img loading=\"lazy\" decoding=\"async\" width=\"1024\" height=\"616\" src=\"https:\/\/www.tierrahabitada.org\/wp-content\/uploads\/2026\/02\/Sala-actividades-Casa-San-Martin-apaisada-1024x616.jpg\" alt=\"\" class=\"wp-image-965\" srcset=\"https:\/\/www.tierrahabitada.org\/wp-content\/uploads\/2026\/02\/Sala-actividades-Casa-San-Martin-apaisada-1024x616.jpg 1024w, https:\/\/www.tierrahabitada.org\/wp-content\/uploads\/2026\/02\/Sala-actividades-Casa-San-Martin-apaisada-300x180.jpg 300w, https:\/\/www.tierrahabitada.org\/wp-content\/uploads\/2026\/02\/Sala-actividades-Casa-San-Martin-apaisada-768x462.jpg 768w, https:\/\/www.tierrahabitada.org\/wp-content\/uploads\/2026\/02\/Sala-actividades-Casa-San-Martin-apaisada-1536x923.jpg 1536w, https:\/\/www.tierrahabitada.org\/wp-content\/uploads\/2026\/02\/Sala-actividades-Casa-San-Martin-apaisada.jpg 1632w\" sizes=\"auto, (max-width: 1024px) 100vw, 1024px\" \/><figcaption class=\"wp-element-caption\"><em>Sala<\/em><br><\/figcaption><\/figure>\n\n\n\n<figure class=\"wp-block-image size-large\"><img loading=\"lazy\" decoding=\"async\" width=\"1024\" height=\"768\" src=\"https:\/\/www.tierrahabitada.org\/wp-content\/uploads\/2026\/02\/Sala-yoga-02-alta-1024x768.jpg\" alt=\"\" class=\"wp-image-968\" srcset=\"https:\/\/www.tierrahabitada.org\/wp-content\/uploads\/2026\/02\/Sala-yoga-02-alta-1024x768.jpg 1024w, https:\/\/www.tierrahabitada.org\/wp-content\/uploads\/2026\/02\/Sala-yoga-02-alta-300x225.jpg 300w, https:\/\/www.tierrahabitada.org\/wp-content\/uploads\/2026\/02\/Sala-yoga-02-alta-768x576.jpg 768w, https:\/\/www.tierrahabitada.org\/wp-content\/uploads\/2026\/02\/Sala-yoga-02-alta-1536x1152.jpg 1536w, https:\/\/www.tierrahabitada.org\/wp-content\/uploads\/2026\/02\/Sala-yoga-02-alta-2048x1536.jpg 2048w\" sizes=\"auto, (max-width: 1024px) 100vw, 1024px\" \/><figcaption class=\"wp-element-caption\"><em>Posibilidad de adaptarla para actividades de yoga, meditaci\u00f3n&#8230;<\/em><\/figcaption><\/figure>\n\n\n\n<p><\/p>\n\n\n<div class=\"wp-block-image\">\n<figure class=\"aligncenter size-large\"><img loading=\"lazy\" decoding=\"async\" width=\"1024\" height=\"768\" src=\"https:\/\/www.tierrahabitada.org\/wp-content\/uploads\/2026\/02\/Habitacion-1-1024x768.jpg\" alt=\"\" class=\"wp-image-969\" srcset=\"https:\/\/www.tierrahabitada.org\/wp-content\/uploads\/2026\/02\/Habitacion-1-1024x768.jpg 1024w, https:\/\/www.tierrahabitada.org\/wp-content\/uploads\/2026\/02\/Habitacion-1-300x225.jpg 300w, https:\/\/www.tierrahabitada.org\/wp-content\/uploads\/2026\/02\/Habitacion-1-768x576.jpg 768w, https:\/\/www.tierrahabitada.org\/wp-content\/uploads\/2026\/02\/Habitacion-1-1536x1152.jpg 1536w, https:\/\/www.tierrahabitada.org\/wp-content\/uploads\/2026\/02\/Habitacion-1-2048x1536.jpg 2048w\" sizes=\"auto, (max-width: 1024px) 100vw, 1024px\" \/><figcaption class=\"wp-element-caption\"><em>Habitaci\u00f3n 1 primera planta<\/em><\/figcaption><\/figure><\/div>\n\n\n<p><\/p>\n\n\n\n<figure class=\"wp-block-image size-large\"><img loading=\"lazy\" decoding=\"async\" width=\"1024\" height=\"768\" src=\"https:\/\/www.tierrahabitada.org\/wp-content\/uploads\/2026\/02\/Habitacion-2-1024x768.jpg\" alt=\"\" class=\"wp-image-970\" srcset=\"https:\/\/www.tierrahabitada.org\/wp-content\/uploads\/2026\/02\/Habitacion-2-1024x768.jpg 1024w, https:\/\/www.tierrahabitada.org\/wp-content\/uploads\/2026\/02\/Habitacion-2-300x225.jpg 300w, https:\/\/www.tierrahabitada.org\/wp-content\/uploads\/2026\/02\/Habitacion-2-768x576.jpg 768w, https:\/\/www.tierrahabitada.org\/wp-content\/uploads\/2026\/02\/Habitacion-2-1536x1152.jpg 1536w, https:\/\/www.tierrahabitada.org\/wp-content\/uploads\/2026\/02\/Habitacion-2-2048x1536.jpg 2048w\" sizes=\"auto, (max-width: 1024px) 100vw, 1024px\" \/><figcaption class=\"wp-element-caption\"><em>Habitaci\u00f3n 2 primera planta<\/em><\/figcaption><\/figure>\n\n\n\n<p><\/p>\n\n\n\n<figure class=\"wp-block-image size-large\"><img loading=\"lazy\" decoding=\"async\" width=\"1024\" height=\"768\" src=\"https:\/\/www.tierrahabitada.org\/wp-content\/uploads\/2026\/02\/Habitacion-3-1024x768.jpg\" alt=\"\" class=\"wp-image-971\" srcset=\"https:\/\/www.tierrahabitada.org\/wp-content\/uploads\/2026\/02\/Habitacion-3-1024x768.jpg 1024w, https:\/\/www.tierrahabitada.org\/wp-content\/uploads\/2026\/02\/Habitacion-3-300x225.jpg 300w, https:\/\/www.tierrahabitada.org\/wp-content\/uploads\/2026\/02\/Habitacion-3-768x576.jpg 768w, https:\/\/www.tierrahabitada.org\/wp-content\/uploads\/2026\/02\/Habitacion-3-1536x1152.jpg 1536w, https:\/\/www.tierrahabitada.org\/wp-content\/uploads\/2026\/02\/Habitacion-3-2048x1536.jpg 2048w\" sizes=\"auto, (max-width: 1024px) 100vw, 1024px\" \/><figcaption class=\"wp-element-caption\"><em>Habitaci\u00f3n 3 primera planta<\/em><\/figcaption><\/figure>\n\n\n\n<p><\/p>\n\n\n\n<figure class=\"wp-block-image size-large\"><img loading=\"lazy\" decoding=\"async\" width=\"1024\" height=\"768\" src=\"https:\/\/www.tierrahabitada.org\/wp-content\/uploads\/2026\/02\/Habitacion-superior-1-1024x768.jpg\" alt=\"\" class=\"wp-image-972\" srcset=\"https:\/\/www.tierrahabitada.org\/wp-content\/uploads\/2026\/02\/Habitacion-superior-1-1024x768.jpg 1024w, https:\/\/www.tierrahabitada.org\/wp-content\/uploads\/2026\/02\/Habitacion-superior-1-300x225.jpg 300w, https:\/\/www.tierrahabitada.org\/wp-content\/uploads\/2026\/02\/Habitacion-superior-1-768x576.jpg 768w, https:\/\/www.tierrahabitada.org\/wp-content\/uploads\/2026\/02\/Habitacion-superior-1-1536x1152.jpg 1536w, https:\/\/www.tierrahabitada.org\/wp-content\/uploads\/2026\/02\/Habitacion-superior-1-2048x1536.jpg 2048w\" sizes=\"auto, (max-width: 1024px) 100vw, 1024px\" \/><figcaption class=\"wp-element-caption\"><em>Habitaci\u00f3n segunda planta (6 camas)<\/em><\/figcaption><\/figure>\n\n\n\n<p><\/p>\n","protected":false},"excerpt":{"rendered":"<p>La Casa San Mart\u00edn cuenta con lo necesario para actividades de grupos: un total de seis dormitorios y 17 camas, ba\u00f1os comunes, cocina, comedor, despensa y una magn\u00edfica sala de&#8230; <a class=\"read-more\" href=\"https:\/\/www.tierrahabitada.org\/index.php\/casa-san-martin\/\">[Continuar Leyendo]<\/a><\/p>\n","protected":false},"author":1,"featured_media":0,"parent":0,"menu_order":0,"comment_status":"closed","ping_status":"closed","template":"","meta":{"footnotes":""},"class_list":["post-106","page","type-page","status-publish","hentry","no-post-thumbnail"],"_links":{"self":[{"href":"https:\/\/www.tierrahabitada.org\/index.php\/wp-json\/wp\/v2\/pages\/106","targetHints":{"allow":["GET"]}}],"collection":[{"href":"https:\/\/www.tierrahabitada.org\/index.php\/wp-json\/wp\/v2\/pages"}],"about":[{"href":"https:\/\/www.tierrahabitada.org\/index.php\/wp-json\/wp\/v2\/types\/page"}],"author":[{"embeddable":true,"href":"https:\/\/www.tierrahabitada.org\/index.php\/wp-json\/wp\/v2\/users\/1"}],"replies":[{"embeddable":true,"href":"https:\/\/www.tierrahabitada.org\/index.php\/wp-json\/wp\/v2\/comments?post=106"}],"version-history":[{"count":24,"href":"https:\/\/www.tierrahabitada.org\/index.php\/wp-json\/wp\/v2\/pages\/106\/revisions"}],"predecessor-version":[{"id":978,"href":"https:\/\/www.tierrahabitada.org\/index.php\/wp-json\/wp\/v2\/pages\/106\/revisions\/978"}],"wp:attachment":[{"href":"https:\/\/www.tierrahabitada.org\/index.php\/wp-json\/wp\/v2\/media?parent=106"}],"curies":[{"name":"wp","href":"https:\/\/api.w.org\/{rel}","templated":true}]}}

Casa San Martín

<p>La <strong>Casa San Martín</strong> cuenta con lo necesario para actividades de grupos: un total de seis dormitorios y 17 camas, baños comunes, cocina, comedor, despensa y una magnífica sala de actividades.</p>



<p>Además de ser el lugar de celebración de las actividades propias de la fundación (cursos, talleres, convivencias&#8230;), la Casa San Martín está disponible para grupos y entidades cuyas actividades guarden relación con los <a rel="noreferrer noopener" href="https://www.tierrahabitada.org/index.php/la-fundacion/" target="_blank">fines</a> de la fundación.</p>


<div class="wp-block-image">
<figure class="aligncenter size-full"><img loading="lazy" decoding="async" width="822" height="579" src="https://www.tierrahabitada.org/wp-content/uploads/2025/02/Mapita-Canicosa.jpg" alt="" class="wp-image-844" srcset="https://www.tierrahabitada.org/wp-content/uploads/2025/02/Mapita-Canicosa.jpg 822w, https://www.tierrahabitada.org/wp-content/uploads/2025/02/Mapita-Canicosa-300x211.jpg 300w, https://www.tierrahabitada.org/wp-content/uploads/2025/02/Mapita-Canicosa-768x541.jpg 768w" sizes="auto, (max-width: 822px) 100vw, 822px" /><figcaption class="wp-element-caption"><em>Localización</em></figcaption></figure></div>


<figure class="wp-block-image size-large"><img loading="lazy" decoding="async" width="1024" height="605" src="http://www.tierrahabitada.org/wp-content/uploads/2020/01/Fachada-albergue-para-dossier-1024x605.jpg" alt="" class="wp-image-139" srcset="https://www.tierrahabitada.org/wp-content/uploads/2020/01/Fachada-albergue-para-dossier-1024x605.jpg 1024w, https://www.tierrahabitada.org/wp-content/uploads/2020/01/Fachada-albergue-para-dossier-300x177.jpg 300w, https://www.tierrahabitada.org/wp-content/uploads/2020/01/Fachada-albergue-para-dossier-768x454.jpg 768w, https://www.tierrahabitada.org/wp-content/uploads/2020/01/Fachada-albergue-para-dossier-1536x908.jpg 1536w, https://www.tierrahabitada.org/wp-content/uploads/2020/01/Fachada-albergue-para-dossier.jpg 1800w" sizes="auto, (max-width: 1024px) 100vw, 1024px" /><figcaption class="wp-element-caption"><em>Fachada</em></figcaption></figure>



<p></p>



<figure class="wp-block-image size-full"><img loading="lazy" decoding="async" width="1000" height="750" src="https://www.tierrahabitada.org/wp-content/uploads/2026/02/Patio-Casa-San-Martin-baja.jpg" alt="" class="wp-image-962" srcset="https://www.tierrahabitada.org/wp-content/uploads/2026/02/Patio-Casa-San-Martin-baja.jpg 1000w, https://www.tierrahabitada.org/wp-content/uploads/2026/02/Patio-Casa-San-Martin-baja-300x225.jpg 300w, https://www.tierrahabitada.org/wp-content/uploads/2026/02/Patio-Casa-San-Martin-baja-768x576.jpg 768w" sizes="auto, (max-width: 1000px) 100vw, 1000px" /><figcaption class="wp-element-caption"><em>Patio</em></figcaption></figure>



<p></p>



<figure class="wp-block-image size-large"><img loading="lazy" decoding="async" width="1024" height="768" src="https://www.tierrahabitada.org/wp-content/uploads/2026/02/Comedor-Casa-San-Martin-1024x768.jpg" alt="" class="wp-image-964" srcset="https://www.tierrahabitada.org/wp-content/uploads/2026/02/Comedor-Casa-San-Martin-1024x768.jpg 1024w, https://www.tierrahabitada.org/wp-content/uploads/2026/02/Comedor-Casa-San-Martin-300x225.jpg 300w, https://www.tierrahabitada.org/wp-content/uploads/2026/02/Comedor-Casa-San-Martin-768x576.jpg 768w, https://www.tierrahabitada.org/wp-content/uploads/2026/02/Comedor-Casa-San-Martin-1536x1152.jpg 1536w, https://www.tierrahabitada.org/wp-content/uploads/2026/02/Comedor-Casa-San-Martin-2048x1536.jpg 2048w" sizes="auto, (max-width: 1024px) 100vw, 1024px" /><figcaption class="wp-element-caption"><em>Comedor</em></figcaption></figure>



<p></p>



<figure class="wp-block-image size-large"><img loading="lazy" decoding="async" width="1024" height="616" src="https://www.tierrahabitada.org/wp-content/uploads/2026/02/Sala-actividades-Casa-San-Martin-apaisada-1024x616.jpg" alt="" class="wp-image-965" srcset="https://www.tierrahabitada.org/wp-content/uploads/2026/02/Sala-actividades-Casa-San-Martin-apaisada-1024x616.jpg 1024w, https://www.tierrahabitada.org/wp-content/uploads/2026/02/Sala-actividades-Casa-San-Martin-apaisada-300x180.jpg 300w, https://www.tierrahabitada.org/wp-content/uploads/2026/02/Sala-actividades-Casa-San-Martin-apaisada-768x462.jpg 768w, https://www.tierrahabitada.org/wp-content/uploads/2026/02/Sala-actividades-Casa-San-Martin-apaisada-1536x923.jpg 1536w, https://www.tierrahabitada.org/wp-content/uploads/2026/02/Sala-actividades-Casa-San-Martin-apaisada.jpg 1632w" sizes="auto, (max-width: 1024px) 100vw, 1024px" /><figcaption class="wp-element-caption"><em>Sala</em><br></figcaption></figure>



<figure class="wp-block-image size-large"><img loading="lazy" decoding="async" width="1024" height="768" src="https://www.tierrahabitada.org/wp-content/uploads/2026/02/Sala-yoga-02-alta-1024x768.jpg" alt="" class="wp-image-968" srcset="https://www.tierrahabitada.org/wp-content/uploads/2026/02/Sala-yoga-02-alta-1024x768.jpg 1024w, https://www.tierrahabitada.org/wp-content/uploads/2026/02/Sala-yoga-02-alta-300x225.jpg 300w, https://www.tierrahabitada.org/wp-content/uploads/2026/02/Sala-yoga-02-alta-768x576.jpg 768w, https://www.tierrahabitada.org/wp-content/uploads/2026/02/Sala-yoga-02-alta-1536x1152.jpg 1536w, https://www.tierrahabitada.org/wp-content/uploads/2026/02/Sala-yoga-02-alta-2048x1536.jpg 2048w" sizes="auto, (max-width: 1024px) 100vw, 1024px" /><figcaption class="wp-element-caption"><em>Posibilidad de adaptarla para actividades de yoga, meditación&#8230;</em></figcaption></figure>



<p></p>


<div class="wp-block-image">
<figure class="aligncenter size-large"><img loading="lazy" decoding="async" width="1024" height="768" src="https://www.tierrahabitada.org/wp-content/uploads/2026/02/Habitacion-1-1024x768.jpg" alt="" class="wp-image-969" srcset="https://www.tierrahabitada.org/wp-content/uploads/2026/02/Habitacion-1-1024x768.jpg 1024w, https://www.tierrahabitada.org/wp-content/uploads/2026/02/Habitacion-1-300x225.jpg 300w, https://www.tierrahabitada.org/wp-content/uploads/2026/02/Habitacion-1-768x576.jpg 768w, https://www.tierrahabitada.org/wp-content/uploads/2026/02/Habitacion-1-1536x1152.jpg 1536w, https://www.tierrahabitada.org/wp-content/uploads/2026/02/Habitacion-1-2048x1536.jpg 2048w" sizes="auto, (max-width: 1024px) 100vw, 1024px" /><figcaption class="wp-element-caption"><em>Habitación 1 primera planta</em></figcaption></figure></div>


<p></p>



<figure class="wp-block-image size-large"><img loading="lazy" decoding="async" width="1024" height="768" src="https://www.tierrahabitada.org/wp-content/uploads/2026/02/Habitacion-2-1024x768.jpg" alt="" class="wp-image-970" srcset="https://www.tierrahabitada.org/wp-content/uploads/2026/02/Habitacion-2-1024x768.jpg 1024w, https://www.tierrahabitada.org/wp-content/uploads/2026/02/Habitacion-2-300x225.jpg 300w, https://www.tierrahabitada.org/wp-content/uploads/2026/02/Habitacion-2-768x576.jpg 768w, https://www.tierrahabitada.org/wp-content/uploads/2026/02/Habitacion-2-1536x1152.jpg 1536w, https://www.tierrahabitada.org/wp-content/uploads/2026/02/Habitacion-2-2048x1536.jpg 2048w" sizes="auto, (max-width: 1024px) 100vw, 1024px" /><figcaption class="wp-element-caption"><em>Habitación 2 primera planta</em></figcaption></figure>



<p></p>



<figure class="wp-block-image size-large"><img loading="lazy" decoding="async" width="1024" height="768" src="https://www.tierrahabitada.org/wp-content/uploads/2026/02/Habitacion-3-1024x768.jpg" alt="" class="wp-image-971" srcset="https://www.tierrahabitada.org/wp-content/uploads/2026/02/Habitacion-3-1024x768.jpg 1024w, https://www.tierrahabitada.org/wp-content/uploads/2026/02/Habitacion-3-300x225.jpg 300w, https://www.tierrahabitada.org/wp-content/uploads/2026/02/Habitacion-3-768x576.jpg 768w, https://www.tierrahabitada.org/wp-content/uploads/2026/02/Habitacion-3-1536x1152.jpg 1536w, https://www.tierrahabitada.org/wp-content/uploads/2026/02/Habitacion-3-2048x1536.jpg 2048w" sizes="auto, (max-width: 1024px) 100vw, 1024px" /><figcaption class="wp-element-caption"><em>Habitación 3 primera planta</em></figcaption></figure>



<p></p>



<figure class="wp-block-image size-large"><img loading="lazy" decoding="async" width="1024" height="768" src="https://www.tierrahabitada.org/wp-content/uploads/2026/02/Habitacion-superior-1-1024x768.jpg" alt="" class="wp-image-972" srcset="https://www.tierrahabitada.org/wp-content/uploads/2026/02/Habitacion-superior-1-1024x768.jpg 1024w, https://www.tierrahabitada.org/wp-content/uploads/2026/02/Habitacion-superior-1-300x225.jpg 300w, https://www.tierrahabitada.org/wp-content/uploads/2026/02/Habitacion-superior-1-768x576.jpg 768w, https://www.tierrahabitada.org/wp-content/uploads/2026/02/Habitacion-superior-1-1536x1152.jpg 1536w, https://www.tierrahabitada.org/wp-content/uploads/2026/02/Habitacion-superior-1-2048x1536.jpg 2048w" sizes="auto, (max-width: 1024px) 100vw, 1024px" /><figcaption class="wp-element-caption"><em>Habitación segunda planta (6 camas)</em></figcaption></figure>



<p></p>

<p>La Casa San Martín cuenta con lo necesario para actividades de grupos: un total de seis dormitorios y 17 camas, baños comunes, cocina, comedor, despensa y una magnífica sala de&#8230; <a class="read-more" href="https://www.tierrahabitada.org/index.php/casa-san-martin/">[Continuar Leyendo]</a></p>
